{"id":114,"date":"2013-10-07T16:36:32","date_gmt":"2013-10-07T14:36:32","guid":{"rendered":"http:\/\/www.modernekunst.at\/theater\/?page_id=114"},"modified":"2013-10-07T16:40:38","modified_gmt":"2013-10-07T14:40:38","slug":"2008-weekend-im-paradies","status":"publish","type":"page","link":"https:\/\/www.buehneimmartinihof.at\/?page_id=114","title":{"rendered":"2008: Weekend im Paradies"},"content":{"rendered":"<p>Gespielt am Fr. 13. und Sa. den 14. Juni 2008, sowie\u00a0Fr. den 3. Oktober 2007<\/p>\n<p>Ein Schwank von Franz Arnold und Ernst Bach in einer Bearbeitung f\u00fcr die Theatergruppe Moilafanga.<\/p>\n<p>Ministerialsekret\u00e4r Wurmser, ein \u00fcberaus honoriger und verl\u00e4sslicher Beamter, wird immer wieder bei Bef\u00f6rderungen \u201evergessen\u201c, w\u00e4hrend die weniger diensteifrigen Kollegen die Karriereleiter best\u00e4ndig nach oben klettern.<br \/>\nDoch dann ergreift er endlich die Initiative: Da soll es am Semmering eine Weekend-Hotel mit dem verhei\u00dfungsvollen Namen \u201eParadies\u201c geben, wo sich die Wiener Lebewelt trifft, um zu tanzen, zu baden und die Moral den Bach hinunter gehen zu lassen.<br \/>\nIm Kampf f\u00fcr die Sittlichkeit steht zwar auch Frau Abgeordnete Haubenschild wacker an Wurmsers Seite, doch auf dem \u201eschl\u00fcpfrigen\u201c Boden der Hotels hat man auch zu zweit einen schweren Stand. Besonders dann, wenn man dort das gesamte Ministerium samt falscher Gattinnen antrifft \u2026\u2026.<\/p>\n","protected":false},"excerpt":{"rendered":"<p>Gespielt am Fr. 13. und Sa. den 14. Juni 2008, sowie\u00a0Fr. den 3. Oktober 2007 Ein Schwank von Franz Arnold und Ernst Bach in einer Bearbeitung f\u00fcr die Theatergruppe Moilafanga.<\/p>\n","protected":false},"author":3,"featured_media":0,"parent":121,"menu_order":0,"comment_status":"closed","ping_status":"closed","template":"","meta":{"ngg_post_thumbnail":0,"footnotes":""},"class_list":["post-114","page","type-page","status-publish","hentry"],"_links":{"self":[{"href":"https:\/\/www.buehneimmartinihof.at\/index.php?rest_route=\/wp\/v2\/pages\/114","targetHints":{"allow":["GET"]}}],"collection":[{"href":"https:\/\/www.buehneimmartinihof.at\/index.php?rest_route=\/wp\/v2\/pages"}],"about":[{"href":"https:\/\/www.buehneimmartinihof.at\/index.php?rest_route=\/wp\/v2\/types\/page"}],"author":[{"embeddable":true,"href":"https:\/\/www.buehneimmartinihof.at\/index.php?rest_route=\/wp\/v2\/users\/3"}],"replies":[{"embeddable":true,"href":"https:\/\/www.buehneimmartinihof.at\/index.php?rest_route=%2Fwp%2Fv2%2Fcomments&post=114"}],"version-history":[{"count":1,"href":"https:\/\/www.buehneimmartinihof.at\/index.php?rest_route=\/wp\/v2\/pages\/114\/revisions"}],"predecessor-version":[{"id":115,"href":"https:\/\/www.buehneimmartinihof.at\/index.php?rest_route=\/wp\/v2\/pages\/114\/revisions\/115"}],"up":[{"embeddable":true,"href":"https:\/\/www.buehneimmartinihof.at\/index.php?rest_route=\/wp\/v2\/pages\/121"}],"wp:attachment":[{"href":"https:\/\/www.buehneimmartinihof.at\/index.php?rest_route=%2Fwp%2Fv2%2Fmedia&parent=114"}],"curies":[{"name":"wp","href":"https:\/\/api.w.org\/{rel}","templated":true}]}}